 - (-5 + 9 - -1).
-2
What is -13 + 5 + -2 - -5?
-5
5 + (-8 - (-2 - (6 - 1)))
4
Calculate 4 + -3 + 9 + -3 + -10.
-3
What is (0 - 4) + (1 - -3)?
0
What is 2 - (-2 + (-8 - -4 - -7))?
1
What is the value of 2 + -4 + 3 + -4 + 0?
-3
Evaluate 3 - (-1 - 1) - 7.
-2
Calculate 6 + (1 - 6) - (11 + -14).
4
Calculate -1 + (-1 - (-1 + 2)).
-3
4 + -5 + (0 - 3)
-4
What is 4 + -13 - (-2 + -14)?
7
What is the value of -4 - ((4 - 6) + -3)?
1
Evaluate -2 - (11 - (-2 + 7 + 1)).
-7
0 + (-16 - -4) - -5
-7
What is the value of 2 + -4 - (0 - 6)?
4
Evaluate -22 + 23 - (0 + 0 - -4).
-3
Calculate 9 - (-1 - (-6 + 0)).
4
What is 11 + (3 + -23 - 1)?
-10
What is 2 - 0 - (5 + (-10 - -3))?
4
(5 - 4) + (-2 - -3)
2
Evaluate 5 + -3 - 1 - 5.
-4
What is the value of (-5 - (-11 + -1)) + -5?
2
What is 8 + -2 + -3 + -4?
-1
Evaluate (-10 - (1 + -2)) + (10 - 4).
-3
What is the value of 2 - 0 - (4 + -4)?
2
-8 + -1 + -4 + 7
-6
What is (1 - -5) + -6 + 8 + -4?
4
Calculate 13 - (15 - 10) - 9.
-1
Calculate (-3 - -10) + 12 + -17.
2
Evaluate (1 + -8 - 2) + 5 - -4.
0
What is -1 + 0 + 1 - (-27 + 25)?
2
8 + (-10 + -4 - -3)
-3
Calculate 6 - (-20 + 22 - (1 - 0)).
5
Calculate (-3 + 6 - 8) + 1.
-4
(2 - 1 - 0) + -4
-3
Calculate (-7 - -14) + -1 - 6.
0
What is the value of 2 - (-4 - -1) - 4?
1
9 + -6 + (11 - 6)
8
What is the value of -2 - (-8 - -3 - -1)?
2
(-13 - -8 - -11) + -3
3
Calculate (0 - 2) + -9 + -4 + 10.
-5
Evaluate 5 + -3 - (-6 - -4 - 1).
5
What is -1 + -3 - (-33 - -31)?
-2
Calculate 15 + (-4 - 3) - 4.
4
What is -2 + (4 - 5) + 5?
2
Calculate (0 - 6) + 13 + -6.
1
-8 - (1 - 5) - 0
-4
Evaluate -4 + 1 + (-5 - -16).
8
What is the value of (-4 - -2) + 1 + -6 + 8?
1
What is the value of -2 + 2 - (0 - -1) - 2?
-3
Calculate 5 + (0 - (4 + (0 - 4))).
5
-2 + (2 - 7) + 5
-2
What is the value of (5 - 4) + -1 + -2 + 3?
1
Evaluate -6 + (-13 - -11) + 10.
2
What is the value of 2 + 4 - 7 - 5 - 1?
-7
What is 4 + (1 - 9) - 0?
-4
(15 - (20 + -2)) + 1 + -6
-8
Calculate -157 + 162 - (4 - (-2 - -1)).
0
What is -9 + (14 - (-14 + 22))?
-3
What is the value of (2 - (3 - 1)) + (-1 - -1)?
0
What is (-1 - 0) + -5 + -1?
-7
What is (1 - (-2 + 1)) + -16 + 12?
-2
What is 3 + 0 + -5 + -2?
-4
What is the value of 6 + 4 + -9 + (-3 - -2)?
0
6 + (0 - (7 - 2))
1
-4 - -10 - (-25 - -26)
5
What is (0 + 2 - 3) + (-3 - 0)?
-4
What is the value of 4 + (-1 - 1) + 0 + -2?
0
What is 16 + -15 - 13 - -20?
8
What is the value of -14 + -8 + 4 + 14?
-4
Calculate 5 + (-1 - 8) + 4.
0
What is -2 - (3 + -4) - 2?
-3
Calculate -7 - (-5 - -2) - -7.
3
What is the value of (6 - (3 - 3)) + (2 - 2)?
6
Calculate -3 + 22 + -9 + -2.
8
What is -7 + 5 + -3 + 2?
-3
Calculate -4 - (6 + -4 - (4 - -2)).
0
-1 - 7 - -4 - (-10 - -6)
0
-7 - 0 - (-41 - -37)
-3
Evaluate -3 - (-3 + (-2 - -7 - 4)).
-1
What is -2 + 3 + -4 - (-6 - -1)?
2
(-4 - -3) + 5 + -7
-3
What is the value of -3 + 6 + 2 + (-2 - -2)?
5
Calculate -26 - -20 - (-2 + -1).
-3
Calculate ((4 - 2) + -1 - 2) + 3.
2
What is -4 - -6 - (1 + -1)?
2
Evaluate 4 + 4 + -21 + 5 + 0.
-8
What is 0 + 1 + -3 - (-13 - -8)?
3
What is the value of 6 + -1 - (4 + (1 - 2))?
2
Evaluate 0 - -11 - ((4 - 0) + 2).
5
Calculate -4 + 3 - ((6 - 10) + -2).
5
(-3 - 7) + 20 - (6 + 0)
4
-60 - -56 - (-2 + 0 + -3)
1
93 - 92 - (0 + -2)
3
What is the value of -9 - (3 - 6 - 2)?
-4
Calculate (1 + (2 - 3) - 4) + 0.
-4
1 - (-1 - 1) - (-3 + 3)
3
Calculate -4 + (8 - (-2 - -6)).
0
What is (-5 - (5 + -7)) + 2 + -3?
-4
-2 + 1 + 3 - (-42 + 46)
-2
What is 0 + -2 + (-7 - -10)?
1
What is -9 - -12 - (1 - 2)?
4
Calculate 3 + (-2 - 2 - -3 - -1).
3
Calculate -2 + 0 + 2 + 1 + 4.
5
What is the value of -8 - -8 - -1 - -2?
3
What is the value of 0 + 1 - (-2 - -8)?
-5
What is -7 + 10 + (-5 - -3)?
1
Calculate 26 - (1 - -12) - 8.
5
What is the value of 7 + 2 + -2 + -3?
4
What is the value of 4 + (2 - (1 + 4 - 3))?
4
What is the value of -11 + 14 + -1 + (1 - -1)?
4
What is (11 - 18) + (9 - -4)?
6
What is (-5 - -7) + (-12 - -6)?
-4
What is 9 + 3 + (-7 - 6)?
-1
Calculate 7 + -10 + -10 - -6.
-7
What is 3 - (-3 + 6 + (-2 - -7))?
-5
Calculate 10 + -21 + 3 - 1.
-9
Calculate -9 - (-1 + 4 - 4).
-8
Evaluate 3 + (-2 - (-3 + -1)) + -4.
1
What is 7 + 1 + -3 + -3?
2
What is the value of 6 + (-3 - 0) + 2?
5
5 - -2 - (6 + -3)
4
Calculate 7 - (8 - (6 - 9)).
-4
Calculate (2 - (4 - 1)) + -2 + 2.
-1
Calculate -2 - (1 - 9) - (-30 + 39).
-3
What is -2 - (-2 - (-1 - (-3 - -4)))?
-2
4 + -5 + (-2 - -4 - 3)
-2
Calculate 6 + 0 - (-3 + 3).
6
What is 6 + -4 + 10 + 0 + -2?
10
0 - (-12 - (3 - 7))
8
Calculate (-1 - (-12 + 6)) + -1 - 6.
-2
What is (9 - 1) + (-33 - -31)?
6
What is the value of 2 + -3 - -2 - (0 - -1)?
0
Calculate -3 + (-1 - (4 - (6 + -1))).
-3
What is (-6 - -1) + (-2 + 4 - 2)?
-5
(-2 - 1 - -5 - 9) + 5
-2
-3 - (-12 - 1 - -9)
1
Evaluate 3 + 5 + (-25 - -9).
-8
Evaluate 0 + (-1 + 0 - 4).
-5
(-4 - -12 - 0) + -6
2
What is the value of 1 - 0 - (-2 + 0 + 2)?
1
-17 - -23 - (-2 - 0)
8
7 - ((10 - 4) + -4)
5
What is the value of -1 - (0 - -4 - 3)?
-2
What is 3 + (-11 - -5) + 0?
-3
Calculate (-1 - -28) + -2 - 7 - 7.
11
What is 1 - (-2 + 6) - (-1 + 3)?
-5
Calculate -4 + 8 + -12 + 10.
2
What is the value of 12 - (-3 + 10) - (0 + 1)?
4
2 + 3 - (9 + -10 - -13)
-7
Calculate -15 + (10 - -7 - 11).
-9
Calculate -7 - ((-4 - -7) + -7 + 5).
-8
-4 - (1 + (5 - 9) + 2)
-3
Calculate 3 + -5 + 5 + 2.
5
What is 2 - 1 - (4 + 21 + -24)?
0
Evaluate 0 - (4 - 1 - 1).
-2
Evaluate -5 + -2 + (2 - -3).
-2
0 - -5 - 2 - -1
4
Calculate -7 + -3 + 8 + -2 + 4.
0
What is the value of 19 + -6 - (-3 + 24)?
-8
What is 14 + -16 - (1 + 0 + -6)?
3
What is -3 - (6 - 13) - -2?
6
What is -11 + (-1 - (3 - 7))?
-8
Calculate 18 + -20 + 12 + 1.
11
(17 + -7 - 12) + 10
8
2 + (2 - -5) - (2 - -3)
4
(-3 + 9 - 9) + 0 - -8
5
-2 + (4 - 4) + 0 + 1
-1
What is the value of (-6 + -2 - (11 + -13)) + 0?
-6
Calculate -2 - (8 + -18 - -2).
6
Evaluate -3 - 1 - (-5 - -1).
0
Evaluate 0 + -2 + 7 + (-7 - 3).
-5
What is 2 + (-5 + 6 - -2)?
5
What is the value of -4 - (-17 + 18 + -7 + -6)?
8
What is the value of (0 - 3) + 2 - 2?
-3
What is 1 - (-1 + 2 - (-11 - -8))?
-3
Calculate 0 + 0 + 5 + (2 - 8).
-1
What is (-4 - 4) + 0 - (16 - 30)?
6
Evaluate 10 - 20 - ((3 - 2) + -6).
-5
What is (-5 - 1) + (20 - 14)?
0
What is the value of 0 + -8 + 8 - -3?
3
(2 + -6 - (-4 + -3)) + -2
1
Calculate 2 + (2 - 8) + (-10 - -13).
-1
What is the value of -7 + 10 - (0 - -2)?
1
What is (20 - 12) + (-9 + 5 - -1)?
5
What is the value of 1 - (-5 + 1 - 1)?
6
Calculate -1 + -7 - (5 + -8).
-5
Calculate 2 + (-9 - (1 + 1)).
-9
Evaluate -2 + -10 - (13 - 19).
-6
What is 12 + -19 + 11 - -2?
6
What is the value of -3 + 2 + 0 - (-49 - -50)?
-2
What is 3 + (3 - (0 + -5)) + -5?
6
Calculate (5 - -9) + -2 - 6.
6
What is -2 + -5 + -1 + 3 + 1?
-4
Evaluate 0 + 0 + (-1 - (6 - 7)).
0
Evaluate 4 + (-4 + 2 - (2 + 2)).
-2
What is 0 + (-2 - (3 + 0)) + 3?
-2
What is the value of (2 + -4 - -5) + (-1 - 5)?
-3
4 + (1 - (1 - 0))
4
What is 3 + ((2 - 2) + -1 - 5)?
-3
Calculate -14 + 26 + -11 + -4.
-3
1 + 0 + -8 + 3 + 7
3
What is the value of -6 + 1 + (-1 - -3 - 3)?
-6
What is -3 - (-5 - (4 + -1 + -5))?
0
0 - (0 - (-5 + 10 + -4))
1
Evaluate 2 + -2 - (-14 - (6 + -21)).
-1
What is 57 - 51 - (6 - 0)?
0
Calculate 3 + 0 - (0 - -2 - 1).
2
What is the value of 0 + 3 + -11 + 5?
-3
What is 2 - (-7 - -2) - 9?
-2
What is -4 - -4 - (-3 + (1 - -5))?
-3
What is 0 - (2 + -1 - (3 - -8))?
10
3 - (7 - (9 - 0))
5
(0 - -1) + 5 - 3
3
-6 + -4 + (5 - -4)
-1
What is (0 - -5) + (-10 - -6)?
1
What is the value of (1 - (-6 + 15)) + (9 - 7)?
-6
(2 - 1) + (1 - -1)
3
What is (1 - 4) + 4 + 4?
5
Calculate 9 + -8 - (3 - 0).
-2
Evaluate (6 - 7 - 6) + 2.
-5
(9 - (-4 + 9)) + -10 + 4
-2
Calculate 8 + (-10 - 1 - -6).
3
What is -5 - 2 - (0 - 2)?
-5
What is the value of 5 + 7 + -8 - 9?
-5
Calculate -13 - 0 - (-7 + -1) - 4.
-9
Calculate -5 - (-2 + -9 + 7).
-1
-1 - (-4 + 1 - (7 + -4))
5
What is the value of -24 + 34 + -9 + 0?
1
What is the value of -2 + 8 + 13 + -21?
-2
Calculate 5 - (-3 - (-1 - 6)).
1
What is the value of (4 - 0) + (-2 - 2) + 1?
1
(8 + -3 + -10 - -5) + -4
-4
What is 6 + (6 - (1 - 3)) + -7?
7
What is -4 - (5 + -5 - -1)?
-5
-5 - (4 + -5 + -13)
9
What is the value of 4 - 3 - (0 - -4) - 2?
-5
Evaluate 1 - (-8 - -8) - (0 - -2).
-1
Calculate 2 + -5 - (13 + -17).
1
Calculate 1 + (1 - (4 + -6)) - 8.
-4
(5 - -1) + -1 - (104 - 100)
1
Evaluate 2 - 2 - (-9 + 2) - 